-7*n + 3*b - 8 = -3*n. Is (n/(-5))/(48/22920) composite?
False
Is (27663/(-4))/(78/(-104)) prime?
True
Let g be (2 - 3)*-4 - 2. Suppose 0 = 5*c - g*c - 15. Suppose 2*y - 101 = -2*y + c*v, y + 3*v = 4. Is y a composite number?
False
Suppose -4*r = -d - 18 + 62, 4*d + 33 = -3*r. Let u = r - -13. Suppose 3*p = 5*w - 4*w - 13, -6 = -3*w - u*p. Is w a prime number?
False
Is 8/(-52) - (-64629)/39 a prime number?
True
Let v(l) be the second derivative of 7*l**4/4 + l**3 + l**2/2 + 5*l. Let q be v(-5). Suppose 5*m - q = -51. Is m composite?
False
Suppose -32*x + 316923 = -12581. Is x a prime number?
False
Let d(l) = 6*l**3 + 8*l**2 + 11*l + 9. Let g be d(9). Suppose 0 = 4*s - a - g, 5140 = 4*s - 3*a + 7*a. Is s composite?
False
Let t be 217 + (-5)/(15/6). Suppose t = y + 60. Let v = 108 + y. Is v composite?
False
Let w(z) = -5*z - 11. Let v(l) = -26*l - 55. Let f(p) = -2*v(p) + 11*w(p). Let s be f(-5). Suppose -2*a - 4*d = -90, 2*a - 66 = s*d - 8. Is a a prime number?
True
Let v = 73476 - 40397. Is v prime?
False
Let q(n) = 508*n**2 - 24*n + 183. Is q(7) prime?
True
Let w(g) = -80*g - 11. Is w(-1) a prime number?
False
Suppose -4*q = 2*r - 46398, -38787 = -2*r - q + 7596. Is r a prime number?
True
Suppose -4*y + 61 = -4*f - 215, -4*y = 5*f + 300. Let u = 129 + f. Is u a composite number?
True
Let s = 20937 - 8690. Is s a prime number?
False
Let t(h) = -h**3 - 12*h**2 - 18*h + 4. Let r be t(-19). Suppose a - 2*i - 3*i - 714 = 0, -4*a + r = -3*i. Is a a prime number?
True
Let o = -46362 + 86023. Is o a prime number?
False
Suppose -3*d = -3*x + 18, -2*d + 0 - 7 = -x. Suppose -x*r = 2*r - 2849. Is r a prime number?
False
Suppose -9 = 3*s, 3*s - 5*s + 30029 = 5*z. Is z a composite number?
False
Let s(z) = -z**2 + z. Let p(k) = 78*k**2 + 4*k - 1. Let t(u) = p(u) - 5*s(u). Let o(b) be the first derivative of t(b). Is o(2) prime?
True
Let i = 20998 - 11014. Let m = -6821 + i. Is m a composite number?
False
Suppose 5759 = -w + u + 21518, -5*w = 3*u - 78811. Is w composite?
False
Let t(z) = z + 16. Let r be t(-14). Suppose 2*p = -r*p + 4, 0 = -3*c - 4*p + 13. Suppose -2*k + c*a + 142 = -k, -5*k + 5*a + 720 = 0. Is k composite?
True
Let d(f) = 7*f**2 - 15*f + 4. Let z be d(6). Suppose 112 = q - z. Is q composite?
True
Let n(i) = 2*i**3 + 49*i**2 + 31*i - 33. Is n(-23) a prime number?
False
Let q(i) = -4*i + 13. Let v be q(7). Let g be (2898/(-4))/(v/20). Suppose -2*t = -8*r + 3*r - g, -4*r = -2*t + 970. Is t composite?
True
Suppose -16964 = -3*w - 5*a, -3*w - 5*a + 22627 = w. Is w composite?
True
Let k = 2355 + 3626. Is k a prime number?
True
Suppose 0*c - 2*c + 4 = 2*g, 2*c - 16 = 4*g. Suppose c*a - 24 = -4. Suppose a*u + 278 = 7*u. Is u a composite number?
False
Let p = -177 - -383. Is p a prime number?
False
Is -6 - 1*(-3)/((-9)/(-8061)) a composite number?
True
Let s(v) be the third derivative of -v**6/120 + v**5/20 - v**4/12 + 2*v**3/3 - 6*v**2. Let x be s(3). Is x/(2/(-613)*1) a prime number?
True
Suppose 31*f + 209483 = 545554. Is f prime?
False
Suppose 110*f - 2737 = 111*f. Let b = 1390 - 5340. Let x = f - b. Is x composite?
False
Suppose 0 = 8*n - 7*n - 3*m, n - 4*m + 1 = 0. Let i be (10/15)/(2/(-48)). Is (-1796)/i - n/(-4) a composite number?
False
Suppose -d + 18 = 2*d. Suppose -5*s + 5*m - d = 9, 15 = -4*s + 5*m. Suppose s = 2*r - 3*r + 127. Is r composite?
False
Let m(k) = k**3 + 7*k**2 - 2*k - 13. Let o be m(-7). Is ((-1673)/(-14))/(o/14) a composite number?
True
Let b = 232 - 15. Suppose 3*q = -3*n + 321, -2*q = -n + 6*n - b. Is q composite?
True
Suppose -4*w + 5*i - 58 = -17, 3*i = 4*w + 39. Let r(t) be the third derivative of -t**6/120 - 7*t**5/60 - 13*t**3/6 - 4*t**2 + 11*t. Is r(w) prime?
True
Suppose 0 = -5*v + 4*k + 162594 + 63203, k = 3*v - 135481. Is v composite?
False
Let l(w) = 34*w**2 + 3*w - 2. Let o be l(-3). Suppose o = 2*p - 295. Is p*(-1 - (-8)/5) a composite number?
True
Suppose 24 = 4*i - 8*i. Is (-3 - -12)*(-482)/i a prime number?
False
Suppose -708 - 32 = -2*p. Let r(s) = s**2 + 14*s - 9. Let b be r(-15). Suppose p = b*q - 560. Is q prime?
False
Is ((-5981)/(-10)*-2)/((-41)/205) a prime number?
True
Let v = 4215 + -1106. Is v a prime number?
True
Suppose 0 = -c - 3*c + 184. Suppose 5*q + 2*b + 131 = 0, -3*b + 91 = -6*q + 2*q. Let i = c + q. Is i composite?
True
Is -3 - 19/(57/(-3570)) composite?
False
Let u be 0/(-2)*(-3)/(-12)*4. Suppose 27*z - 28*z + 97 = u. Is z a composite number?
False
Let q(j) = j**3 + 11*j**2 - 4*j + 16. Let g be q(-11). Suppose -5*i + i + g = 0. Suppose -10*m + i*m = 230. Is m a prime number?
False
Suppose -94 = 16*u + 82. Suppose -228 = -5*q + 272. Let d = u + q. Is d a prime number?
True
Let i be (2445/6 - 3)*2. Let d = i - -1562. Is d a prime number?
True
Suppose s + 0*y - 6 = -y, 2*y = 3*s - 43. Let p(z) = 5*z + 6. Let l be p(s). Suppose 2*c - c - l = -2*u, -2*c + 126 = 3*u. Is c prime?
False
Suppose 14 = 3*k - 4*k. Let w = k - -79. Is w a prime number?
False
Suppose 4*a - 2*t - 178468 = 0, -2*a = -0*t - 4*t - 89222. Suppose 0 = 9*h - a - 1920. Is h composite?
False
Let t(h) = -57 + 52*h - 13 + 21. Is t(9) composite?
False
Let r = 16 + -16. Suppose r = 3*h - h. Suppose -3*z - 3*s + 1638 = h, -2*z + 307 = -5*s - 792. Is z a composite number?
False
Is (-112607)/(-44) - 5/20 a composite number?
True
Let t = 40 - 41. Is 201 - 0/(t/(1/(-3))) a prime number?
False
Let i(o) = -24*o**2 + 2*o - 2. Let t be i(2). Let h = 32 - t. Let r = -39 + h. Is r prime?
False
Let y = -9 + 9. Suppose 0 = -3*p - y*p. Suppose p = -4*n + 1025 + 843. Is n prime?
True
Let r = -2 + 7. Suppose -9*c = -14*c. Suppose -5*j - 2*h + 3983 = 0, r*h = -c*h - 5. Is j prime?
True
Let y(p) be the third derivative of p**5/20 + 5*p**4/24 + 5*p**3/6 - 6*p**2 + 3. Suppose 0*u + 5*u - 26 = 4*q, 2*u - 24 = 5*q. Is y(q) a composite number?
True
Suppose 3*u - 57680 = -4*u. Suppose -u = -8*a - 2328. Is a a composite number?
False
Suppose 2*p = 4*p + 134. Let x = 699 + -821. Let j = p - x. Is j composite?
True
Suppose 0 = -5*x + 3 + 12. Suppose -d + 56 = -x*d. Is ((-14)/d)/((-2)/(-212)) a prime number?
True
Let x(n) = -2 - 2 - 22 + 30*n - 95*n**2 - 1. Let z(k) = -32*k**2 + 10*k - 9. Let q(v) = -6*x(v) + 17*z(v). Is q(7) a prime number?
True
Let u(v) = -16*v + 15. Let l be 3/21 - (-250)/(-35). Is u(l) a composite number?
False
Suppose -5*d - 3401 + 12631 = 0. Let v = -635 + d. Is v composite?
True
Let l be (-10 + (-2 - -6))/(-2). Is -508*l/(-18)*3 composite?
True
Suppose 11*k - 16*k = -5, 4*k = -2*f + 14. Suppose f*x + y = 3544, 3*x - 5*y = -10*y + 2122. Is x composite?
False
Suppose 478580 = 53*z - 33*z. Is z a prime number?
True
Suppose 8 = w + 3*w + 4*i, 5*i = 2*w - 11. Is -119*(-6)/3*w/6 a composite number?
True
Suppose -21 = -2*y + 6*v - 3*v, 3*y - 5*v = 30. Let t(d) = y - 116*d - 6 - 8. Is t(-2) composite?
False
Let a(m) = 4*m - 10. Let b be a(5). Let w be b/(-4)*(-28)/35. Suppose 573 = 2*y + n, y - w*n - 289 = -0*n. Is y a composite number?
True
Let d(j) = 4758*j**2 - 82*j + 83. Is d(1) a prime number?
True
Is 3354 + (-1 - (2 - 8)) a composite number?
False
Let k(o) = 8*o**2 + 4*o - 12. Let h be k(-8). Suppose -h = -2*w - 152. Let n = -39 + w. Is n a composite number?
True
Suppose -5*o = 3 + 7. Is -3 + o*((-110)/1 + 3) a composite number?
False
Let i = 5055 + -1564. Is i a prime number?
True
Suppose -13*c = -134209 - 238540. Is c composite?
True
Is -85*((-2)/(-8) + (-22071)/140) a composite number?
True
Suppose 2*h + 3*h - 22 = -3*g, 2*h = -g + 8. Suppose -h*s + 6*s - 220 = 0. Is s prime?
False
Suppose -4*x = -4*i + 51392, -13 = -5*x + 12. Is i a composite number?
False
Let a = 114 + -112. Suppose -2*k = 2*k - a*i - 1012, 5*k + 3*i - 1243 = 0. Is k a composite number?
False
Let k = 1279 + -478. Let p = k + -430. Is p a composite number?
True
Let f = -295 + 1544. Suppose o - 2*b = 3*b + f, 0 = -2*o + b + 2516. Is o composite?
False
Let w(x) = x - 16*x**2 + 17*x**2 + 0*x. Let n(y) = -7*y**2 - 5*y + 11. Let g(f) = -n(f) - 4*w(f). Is g(6) a prime number?
True
Let v(d) = 227*d**2 - 3*d + 3. Suppose 13*p = 64 + 1. Is v(p) prime?
False
Let y = 15 - 0. Let k(f) = 18*f - 19. Is k(y) a composite number?
False
Let c be ((-2)/(-2))/((-1)/2). Is (c/18*3)/((-2)/4038) a composite number?
False
Let f(z) = 387*z**3 - z**2 + z - 1. Let j be f(1). Let h = j 